{"id":8023,"date":"2023-09-03T15:49:09","date_gmt":"2023-09-03T15:49:09","guid":{"rendered":"https:\/\/export-demos.qreativethemes.com\/elementor-physio\/?page_id=8023"},"modified":"2024-11-05T12:01:47","modified_gmt":"2024-11-05T11:01:47","slug":"quand-consulter","status":"publish","type":"page","link":"https:\/\/brault-osteopathe.fr\/index.php\/osteopathe-val-doise\/quand-consulter\/","title":{"rendered":"Quand consulter ?"},"content":{"rendered":"\t\t<div data-elementor-type=\"wp-page\" data-elementor-id=\"8023\" class=\"elementor elementor-8023\">\n\t\t\t\t\t\t<section class=\"elementor-section elementor-top-section elementor-element elementor-element-bc564b6 elementor-section-boxed elementor-section-height-default elementor-section-height-default\" data-id=\"bc564b6\" data-element_type=\"section\" data-e-type=\"section\">\n\t\t\t\t\t\t<div class=\"elementor-container elementor-column-gap-default\">\n\t\t\t\t\t<div class=\"elementor-column elementor-col-100 elementor-top-column elementor-element elementor-element-47889ee\" data-id=\"47889ee\" data-element_type=\"column\" data-e-type=\"column\">\n\t\t\t<div class=\"elementor-widget-wrap elementor-element-populated\">\n\t\t\t\t\t\t<div class=\"elementor-element elementor-element-bf5d2d2 elementor-widget elementor-widget-text-editor\" data-id=\"bf5d2d2\" data-element_type=\"widget\" data-e-type=\"widget\" data-widget_type=\"text-editor.default\">\n\t\t\t\t<div class=\"elementor-widget-container\">\n\t\t\t\t\t\t\t\t\t<p>Votre ost\u00e9opathe en cabinet \u00e0 Asni\u00e8res sur Oise proche de Viarmes et en entreprise.<\/p>\t\t\t\t\t\t\t\t<\/div>\n\t\t\t\t<\/div>\n\t\t\t\t<div class=\"elementor-element elementor-element-6938248 elementor-widget elementor-widget-heading\" data-id=\"6938248\" data-element_type=\"widget\" data-e-type=\"widget\" data-widget_type=\"heading.default\">\n\t\t\t\t<div class=\"elementor-widget-container\">\n\t\t\t\t\t<h2 class=\"elementor-heading-title elementor-size-default\">Qui peut consulter un ost\u00e9opathe ? <\/h2>\t\t\t\t<\/div>\n\t\t\t\t<\/div>\n\t\t\t\t\t<\/div>\n\t\t<\/div>\n\t\t\t\t\t<\/div>\n\t\t<\/section>\n\t\t\t\t<section class=\"elementor-section elementor-top-section elementor-element elementor-element-4576569 elementor-section-boxed elementor-section-height-default elementor-section-height-default\" data-id=\"4576569\" data-element_type=\"section\" data-e-type=\"section\">\n\t\t\t\t\t\t<div class=\"elementor-container elementor-column-gap-default\">\n\t\t\t\t\t<div class=\"elementor-column elementor-col-100 elementor-top-column elementor-element elementor-element-a29d477\" data-id=\"a29d477\" data-element_type=\"column\" data-e-type=\"column\">\n\t\t\t<div class=\"elementor-widget-wrap elementor-element-populated\">\n\t\t\t\t\t\t<div class=\"elementor-element elementor-element-a648eea elementor-widget elementor-widget-text-editor\" data-id=\"a648eea\" data-element_type=\"widget\" data-e-type=\"widget\" data-widget_type=\"text-editor.default\">\n\t\t\t\t<div class=\"elementor-widget-container\">\n\t\t\t\t\t\t\t\t\t<p>Tout le monde, l&rsquo;ost\u00e9opathie s&rsquo;adresse aussi bien aux femmes enceintes, aux nourrissons, aux enfants, aux adultes, aux sportifs, aux s\u00e9niors&#8230;<\/p><p>C\u2019est une m\u00e9thode de soins qui s&#8217;emploie \u00e0 pr\u00e9venir, diagnostiquer et \u00e0 traiter les restrictions de mobilit\u00e9 qui peuvent affecter l&rsquo;ensemble des structures composant le corps humain.<\/p>\t\t\t\t\t\t\t\t<\/div>\n\t\t\t\t<\/div>\n\t\t\t\t\t<\/div>\n\t\t<\/div>\n\t\t\t\t\t<\/div>\n\t\t<\/section>\n\t\t\t\t<section class=\"elementor-section elementor-top-section elementor-element elementor-element-f598ddf elementor-section-boxed elementor-section-height-default elementor-section-height-default\" data-id=\"f598ddf\" data-element_type=\"section\" data-e-type=\"section\">\n\t\t\t\t\t\t<div class=\"elementor-container elementor-column-gap-default\">\n\t\t\t\t\t<div class=\"elementor-column elementor-col-100 elementor-top-column elementor-element elementor-element-e2b3702\" data-id=\"e2b3702\" data-element_type=\"column\" data-e-type=\"column\">\n\t\t\t<div class=\"elementor-widget-wrap elementor-element-populated\">\n\t\t\t\t\t\t<div class=\"elementor-element elementor-element-5892e3f elementor-widget elementor-widget-heading\" data-id=\"5892e3f\" data-element_type=\"widget\" data-e-type=\"widget\" data-widget_type=\"heading.default\">\n\t\t\t\t<div class=\"elementor-widget-container\">\n\t\t\t\t\t<h2 class=\"elementor-heading-title elementor-size-default\">Quand consulter ?<\/h2>\t\t\t\t<\/div>\n\t\t\t\t<\/div>\n\t\t\t\t\t<\/div>\n\t\t<\/div>\n\t\t\t\t\t<\/div>\n\t\t<\/section>\n\t\t\t\t<section class=\"elementor-section elementor-top-section elementor-element elementor-element-bfbf74c elementor-section-boxed elementor-section-height-default elementor-section-height-default\" data-id=\"bfbf74c\" data-element_type=\"section\" data-e-type=\"section\">\n\t\t\t\t\t\t<div class=\"elementor-container elementor-column-gap-default\">\n\t\t\t\t\t<div class=\"elementor-column elementor-col-100 elementor-top-column elementor-element elementor-element-722300a\" data-id=\"722300a\" data-element_type=\"column\" data-e-type=\"column\">\n\t\t\t<div class=\"elementor-widget-wrap elementor-element-populated\">\n\t\t\t\t\t\t<div class=\"elementor-element elementor-element-fddb35e elementor-widget elementor-widget-text-editor\" data-id=\"fddb35e\" data-element_type=\"widget\" data-e-type=\"widget\" data-widget_type=\"text-editor.default\">\n\t\t\t\t<div class=\"elementor-widget-container\">\n\t\t\t\t\t\t\t\t\t<p><strong>Le Sportif<\/strong> <\/p><p>Des bilans r\u00e9guliers doivent \u00eatre r\u00e9alis\u00e9s afin de contr\u00f4ler l&rsquo;\u00e9quilibre du corps<\/p><p>L&rsquo;ost\u00e9opathie pour les sportifs est \u00e0 la fois pr\u00e9ventive (\u00e9tablir un bilan pour une \u00e9preuve) et curative (r\u00e9\u00e9quilibrer les diff\u00e9rentes articulations perturber apr\u00e8s les micros traumatismes qui sont des chocs ou des mouvements r\u00e9p\u00e9titifs)<\/p><p>Le sportif pourra consulter en cas de s\u00e9quelles d&rsquo;entorses, tendinites, douleurs articulaires ou musculaires&#8230;<\/p><p>En cas de traumatisme r\u00e9cent avec suspicion de l\u00e9sions : fractures, rupture tendineuse &#8230;. Des examens compl\u00e9mentaires pourront \u00eatre r\u00e9alis\u00e9s et doivent \u00eatre amen\u00e9 lors de votre consultation chez l&rsquo;ost\u00e9opathe<\/p><p><strong>Les Adultes<\/strong><\/p><p>Prise en charge pr\u00e9ventive et curative des pathologies telles que :<\/p><p>Les sciatiques, lombalgies, lumbago, cervicalgies, manifestations physiques du stress.<\/p><p><strong>Les S\u00e9niors<br \/><\/strong><\/p><p>L&rsquo;ost\u00e9opathie destin\u00e9e \u00e0 la personne \u00e2g\u00e9e est bas\u00e9e principalement sur un but pr\u00e9ventif :<\/p><p>Bilans r\u00e9guliers : pour maintenir en \u00e9quilibre la bonne sant\u00e9, le bien \u00eatre et confort.<\/p><p>S\u00e9ance particuli\u00e8re c&rsquo;est-\u00e0-dire en fonction de la plainte (g\u00e8ne ou douleur) pr\u00e9sentant le patient\u00a0: Douleurs musculaires, articulaires, arthrose, am\u00e9lioration des troubles fonctionnels\u2026<\/p><p>Minimiser une pathologie d\u00e9j\u00e0 pr\u00e9sente : en diminuant les troubles annexes, en maintenant la mobilit\u00e9 des articulations&#8230;<\/p><p>Vous pouvez \u00eatre amen\u00e9 \u00e0 consulter pour tous types de motifs<\/p><p><strong>Les femmes enceintes <\/strong><\/p><p>La grossesse peut \u00eatre accompagn\u00e9e de douleurs li\u00e9es aux changements posturaux (notamment de lombalgies, dorsalgies, sciatiques\u2026), de d\u00e9sordres digestifs (constipation, reflux\u2026), fatigue, stress\u2026<\/p><p>L&rsquo;ost\u00e9opathe pourra agir au niveau des zones en souffrances via des techniques adapt\u00e9es.<\/p><p>Un suivi de grossesse, une pr\u00e9paration \u00e0 l\u2019accouchement et un suivi post accouchement sont \u00e0 la fois b\u00e9n\u00e9fique pour la future maman et le b\u00e9b\u00e9.<\/p><p><strong>Les enfants<\/strong>\u00a0<\/p><p>Les enfants peuvent \u00eatre confront\u00e9s \u00e0 des troubles de la posture, des douleurs abdominales,\u00a0 des douleurs de croissance, des troubles du sommeil, de l\u2019attention et de la concentration.<\/p><p>Ou bien tout autre probl\u00e8me ou douleur rencontr\u00e9 chez l\u2019adulte.<\/p><p><strong>Les Nourrissons <\/strong><\/p><p>Il est n\u00e9cessaire de consulter apr\u00e8s un accouchement :<\/p><p>Si le travail est long, utilisation de forceps\/ventouse\/spatule, pr\u00e9sentation par le si\u00e8ge\/la face\/le front ou c\u00e9sarienne\u2026<\/p><p>Et si le b\u00e9b\u00e9 pr\u00e9sente des troubles tels que : difficult\u00e9s \u00e0 tourner la t\u00eate d&rsquo;un c\u00f4t\u00e9, reflux, colique, plagioc\u00e9phalie, troubles du sommeil, difficult\u00e9s \u00e0 t\u00e9ter&#8230;<\/p>\t\t\t\t\t\t\t\t<\/div>\n\t\t\t\t<\/div>\n\t\t\t\t\t<\/div>\n\t\t<\/div>\n\t\t\t\t\t<\/div>\n\t\t<\/section>\n\t\t\t\t<section class=\"elementor-section elementor-top-section elementor-element elementor-element-d753928 elementor-section-boxed elementor-section-height-default elementor-section-height-default\" data-id=\"d753928\" data-element_type=\"section\" data-e-type=\"section\">\n\t\t\t\t\t\t<div class=\"elementor-container elementor-column-gap-default\">\n\t\t\t\t\t<div class=\"elementor-column elementor-col-100 elementor-top-column elementor-element elementor-element-450d65f\" data-id=\"450d65f\" data-element_type=\"column\" data-e-type=\"column\">\n\t\t\t<div class=\"elementor-widget-wrap elementor-element-populated\">\n\t\t\t\t\t\t<div class=\"elementor-element elementor-element-56fb4d6 elementor-widget elementor-widget-heading\" data-id=\"56fb4d6\" data-element_type=\"widget\" data-e-type=\"widget\" data-widget_type=\"heading.default\">\n\t\t\t\t<div class=\"elementor-widget-container\">\n\t\t\t\t\t<h2 class=\"elementor-heading-title elementor-size-default\">Quelques motifs de consultation :<\/h2>\t\t\t\t<\/div>\n\t\t\t\t<\/div>\n\t\t\t\t\t<\/div>\n\t\t<\/div>\n\t\t\t\t\t<\/div>\n\t\t<\/section>\n\t\t\t\t<section class=\"elementor-section elementor-top-section elementor-element elementor-element-90919e5 elementor-section-boxed elementor-section-height-default elementor-section-height-default\" data-id=\"90919e5\" data-element_type=\"section\" data-e-type=\"section\">\n\t\t\t\t\t\t<div class=\"elementor-container elementor-column-gap-default\">\n\t\t\t\t\t<div class=\"elementor-column elementor-col-100 elementor-top-column elementor-element elementor-element-b1f2262\" data-id=\"b1f2262\" data-element_type=\"column\" data-e-type=\"column\">\n\t\t\t<div class=\"elementor-widget-wrap elementor-element-populated\">\n\t\t\t\t\t\t<div class=\"elementor-element elementor-element-8382194 elementor-widget elementor-widget-text-editor\" data-id=\"8382194\" data-element_type=\"widget\" data-e-type=\"widget\" data-widget_type=\"text-editor.default\">\n\t\t\t\t<div class=\"elementor-widget-container\">\n\t\t\t\t\t\t\t\t\t<p><strong>Syst\u00e8me locomoteur<\/strong><\/p><p>Maux de dos (lombalgies, lumbagos, dorsalgies, cervicalgies, torticolis), douleurs articulaires (genou, cheville, \u00e9paule, coude, poignet), tendinites, troubles de la posture&#8230;<\/p><p><strong>Syst\u00e8me c\u00e9phalique\/ORL<\/strong><\/p><p>C\u00e9phal\u00e9es \/ migraines, infections chroniques, acouph\u00e8nes et vertiges, douleur de la m\u00e2choire, suivi orthodontique&#8230;<\/p><p><strong>S\u00e9quelles de traumatismes<\/strong><\/p><p>Entorse, accident de voiture, coup du lapin, cicatrices adh\u00e9rentes, suivi post-chirurgicale, suivi de fracture, douleur li\u00e9e au stress, toute douleur \u00e0 la suite d\u2019un traumatisme important\u2026<\/p><p><strong>Syst\u00e8me digestif<\/strong><\/p><p>Douleurs abdominales, Troubles du transit (constipation, diarrh\u00e9e), reflux gastro-oesophagien, br\u00fblures d\u2019estomac, ballonnements, colopathie fonctionnelle&#8230;<\/p><p><strong>Syst\u00e8me neurologique<\/strong><\/p><p>Sciatique, cruralgie, n\u00e9vralgies cervico-brachiale ou d&rsquo;Arnold&#8230;<\/p><p>Syst\u00e8me neurov\u00e9g\u00e9tatif : troubles du sommeil, stress, anxi\u00e9t\u00e9, irritabilit\u00e9, fatigue, \u00e9tats d\u00e9pressifs&#8230;<\/p><p>et bien d&rsquo;autres&#8230;<\/p>\t\t\t\t\t\t\t\t<\/div>\n\t\t\t\t<\/div>\n\t\t\t\t\t<\/div>\n\t\t<\/div>\n\t\t\t\t\t<\/div>\n\t\t<\/section>\n\t\t\t\t<section class=\"elementor-section elementor-top-section elementor-element elementor-element-7ddf3eb elementor-section-boxed elementor-section-height-default elementor-section-height-default\" data-id=\"7ddf3eb\" data-element_type=\"section\" data-e-type=\"section\">\n\t\t\t\t\t\t<div class=\"elementor-container elementor-column-gap-default\">\n\t\t\t\t\t<div class=\"elementor-column elementor-col-100 elementor-top-column elementor-element elementor-element-bbb1f87\" data-id=\"bbb1f87\" data-element_type=\"column\" data-e-type=\"column\">\n\t\t\t<div class=\"elementor-widget-wrap elementor-element-populated\">\n\t\t\t\t\t\t<div class=\"elementor-element elementor-element-5f241b4 elementor-align-center elementor-widget elementor-widget-qt-button\" data-id=\"5f241b4\" data-element_type=\"widget\" data-e-type=\"widget\" data-widget_type=\"qt-button.default\">\n\t\t\t\t<div class=\"elementor-widget-container\">\n\t\t\t\t\t        <a href=\"https:\/\/www.doctolib.fr\/osteopathe\/asnieres-sur-oise\/axel-brault\/booking\/motives?specialityId=10&#038;telehealth=false&#038;placeId=practice-84593&#038;profile_skipped=true&#038;bookingFunnelSource=external_referral\" class=\"btn btn-primary\" target=\"_blank\">\n            Prendre RDV<\/a>\n        \n        \t\t\t\t<\/div>\n\t\t\t\t<\/div>\n\t\t\t\t\t<\/div>\n\t\t<\/div>\n\t\t\t\t\t<\/div>\n\t\t<\/section>\n\t\t\t\t<section class=\"elementor-section elementor-top-section elementor-element elementor-element-99c09a1 elementor-section-boxed elementor-section-height-default elementor-section-height-default\" data-id=\"99c09a1\" data-element_type=\"section\" data-e-type=\"section\">\n\t\t\t\t\t\t<div class=\"elementor-container elementor-column-gap-default\">\n\t\t\t\t\t<div class=\"elementor-column elementor-col-100 elementor-top-column elementor-element elementor-element-1df563f\" data-id=\"1df563f\" data-element_type=\"column\" data-e-type=\"column\">\n\t\t\t<div class=\"elementor-widget-wrap elementor-element-populated\">\n\t\t\t\t\t\t<div class=\"elementor-element elementor-element-8bb5da7 elementor-widget elementor-widget-image\" data-id=\"8bb5da7\" data-element_type=\"widget\" data-e-type=\"widget\" data-widget_type=\"image.default\">\n\t\t\t\t<div class=\"elementor-widget-container\">\n\t\t\t\t\t\t\t\t\t\t\t\t\t\t\t<img fetchpriority=\"high\" decoding=\"async\" width=\"1001\" height=\"1000\" src=\"https:\/\/brault-osteopathe.fr\/wp-content\/uploads\/2024\/10\/Logo-initiales-transparent.png\" class=\"attachment-large size-large wp-image-6\" alt=\"Ost\u00e9opathe Viarmes\" srcset=\"https:\/\/brault-osteopathe.fr\/wp-content\/uploads\/2024\/10\/Logo-initiales-transparent.png 1001w, https:\/\/brault-osteopathe.fr\/wp-content\/uploads\/2024\/10\/Logo-initiales-transparent-300x300.png 300w, https:\/\/brault-osteopathe.fr\/wp-content\/uploads\/2024\/10\/Logo-initiales-transparent-150x150.png 150w, https:\/\/brault-osteopathe.fr\/wp-content\/uploads\/2024\/10\/Logo-initiales-transparent-768x767.png 768w\" sizes=\"(max-width: 1001px) 100vw, 1001px\" \/>\t\t\t\t\t\t\t\t\t\t\t\t\t\t\t<\/div>\n\t\t\t\t<\/div>\n\t\t\t\t\t<\/div>\n\t\t<\/div>\n\t\t\t\t\t<\/div>\n\t\t<\/section>\n\t\t\t\t<section class=\"elementor-section elementor-top-section elementor-element elementor-element-3ab279f elementor-section-boxed elementor-section-height-default elementor-section-height-default\" data-id=\"3ab279f\" data-element_type=\"section\" data-e-type=\"section\">\n\t\t\t\t\t\t<div class=\"elementor-container elementor-column-gap-default\">\n\t\t\t\t\t<div class=\"elementor-column elementor-col-100 elementor-top-column elementor-element elementor-element-aad2df3\" data-id=\"aad2df3\" data-element_type=\"column\" data-e-type=\"column\">\n\t\t\t<div class=\"elementor-widget-wrap elementor-element-populated\">\n\t\t\t\t\t\t<div class=\"elementor-element elementor-element-61c669a elementor-align-center elementor-widget elementor-widget-qt-button\" data-id=\"61c669a\" data-element_type=\"widget\" data-e-type=\"widget\" data-widget_type=\"qt-button.default\">\n\t\t\t\t<div class=\"elementor-widget-container\">\n\t\t\t\t\t        <a href=\"https:\/\/brault-osteopathe.fr\/index.php\/osteopathe-en-entreprise\/\" class=\"btn btn-primary\">\n            Formulaire de contact en entreprise<\/a>\n        \n        \t\t\t\t<\/div>\n\t\t\t\t<\/div>\n\t\t\t\t\t<\/div>\n\t\t<\/div>\n\t\t\t\t\t<\/div>\n\t\t<\/section>\n\t\t\t\t<\/div>\n\t\t","protected":false},"excerpt":{"rendered":"<p>Votre ost\u00e9opathe en cabinet \u00e0 Asni\u00e8res sur Oise proche de Viarmes et en entreprise. Qui peut consulter un ost\u00e9opathe ? Tout le monde, l&rsquo;ost\u00e9opathie s&rsquo;adresse aussi bien aux femmes enceintes, aux nourrissons, aux enfants, aux adultes, aux sportifs, aux s\u00e9niors&#8230; C\u2019est une m\u00e9thode de soins qui s&#8217;emploie \u00e0 pr\u00e9venir, diagnostiquer et \u00e0 traiter les restrictions [&hellip;]<\/p>\n","protected":false},"author":5,"featured_media":0,"parent":7926,"menu_order":0,"comment_status":"closed","ping_status":"closed","template":"","meta":{"_acf_changed":false,"footnotes":""},"class_list":["post-8023","page","type-page","status-publish","hentry"],"acf":[],"yoast_head":"<!-- This site is optimized with the Yoast SEO plugin v27.5 - https:\/\/yoast.com\/product\/yoast-seo-wordpress\/ -->\n<title>Ost\u00e9opathe Viarmes<\/title>\n<meta name=\"description\" content=\"Trouvez toutes les informations concernant une s\u00e9ance d&#039;ost\u00e9opathie chez votre ost\u00e9opathe \u00e0 Asni\u00e8res sur Oise proche Viarmes...\" \/>\n<meta name=\"robots\" content=\"index, follow, max-snippet:-1, max-image-preview:large, max-video-preview:-1\" \/>\n<link rel=\"canonical\" href=\"https:\/\/brault-osteopathe.fr\/index.php\/osteopathe-val-doise\/quand-consulter\/\" \/>\n<meta property=\"og:locale\" content=\"fr_FR\" \/>\n<meta property=\"og:type\" content=\"article\" \/>\n<meta property=\"og:title\" content=\"Ost\u00e9opathe Viarmes\" \/>\n<meta property=\"og:description\" content=\"Trouvez toutes les informations concernant une s\u00e9ance d&#039;ost\u00e9opathie chez votre ost\u00e9opathe \u00e0 Asni\u00e8res sur Oise proche Viarmes...\" \/>\n<meta property=\"og:url\" content=\"https:\/\/brault-osteopathe.fr\/index.php\/osteopathe-val-doise\/quand-consulter\/\" \/>\n<meta property=\"og:site_name\" content=\"AB Ost\u00e9opathie\" \/>\n<meta property=\"article:modified_time\" content=\"2024-11-05T11:01:47+00:00\" \/>\n<meta property=\"og:image\" content=\"https:\/\/brault-osteopathe.fr\/wp-content\/uploads\/2024\/10\/Logo-initiales-transparent.png\" \/>\n\t<meta property=\"og:image:width\" content=\"1001\" \/>\n\t<meta property=\"og:image:height\" content=\"1000\" \/>\n\t<meta property=\"og:image:type\" content=\"image\/png\" \/>\n<meta name=\"twitter:card\" content=\"summary_large_image\" \/>\n<meta name=\"twitter:label1\" content=\"Dur\u00e9e de lecture estim\u00e9e\" \/>\n\t<meta name=\"twitter:data1\" content=\"3 minutes\" \/>\n<script type=\"application\/ld+json\" class=\"yoast-schema-graph\">{\"@context\":\"https:\\\/\\\/schema.org\",\"@graph\":[{\"@type\":\"WebPage\",\"@id\":\"https:\\\/\\\/brault-osteopathe.fr\\\/index.php\\\/osteopathe-val-doise\\\/quand-consulter\\\/\",\"url\":\"https:\\\/\\\/brault-osteopathe.fr\\\/index.php\\\/osteopathe-val-doise\\\/quand-consulter\\\/\",\"name\":\"Ost\u00e9opathe Viarmes\",\"isPartOf\":{\"@id\":\"https:\\\/\\\/brault-osteopathe.fr\\\/#website\"},\"primaryImageOfPage\":{\"@id\":\"https:\\\/\\\/brault-osteopathe.fr\\\/index.php\\\/osteopathe-val-doise\\\/quand-consulter\\\/#primaryimage\"},\"image\":{\"@id\":\"https:\\\/\\\/brault-osteopathe.fr\\\/index.php\\\/osteopathe-val-doise\\\/quand-consulter\\\/#primaryimage\"},\"thumbnailUrl\":\"https:\\\/\\\/brault-osteopathe.fr\\\/wp-content\\\/uploads\\\/2024\\\/10\\\/Logo-initiales-transparent.png\",\"datePublished\":\"2023-09-03T15:49:09+00:00\",\"dateModified\":\"2024-11-05T11:01:47+00:00\",\"description\":\"Trouvez toutes les informations concernant une s\u00e9ance d'ost\u00e9opathie chez votre ost\u00e9opathe \u00e0 Asni\u00e8res sur Oise proche Viarmes...\",\"breadcrumb\":{\"@id\":\"https:\\\/\\\/brault-osteopathe.fr\\\/index.php\\\/osteopathe-val-doise\\\/quand-consulter\\\/#breadcrumb\"},\"inLanguage\":\"fr-FR\",\"potentialAction\":[{\"@type\":\"ReadAction\",\"target\":[\"https:\\\/\\\/brault-osteopathe.fr\\\/index.php\\\/osteopathe-val-doise\\\/quand-consulter\\\/\"]}]},{\"@type\":\"ImageObject\",\"inLanguage\":\"fr-FR\",\"@id\":\"https:\\\/\\\/brault-osteopathe.fr\\\/index.php\\\/osteopathe-val-doise\\\/quand-consulter\\\/#primaryimage\",\"url\":\"https:\\\/\\\/brault-osteopathe.fr\\\/wp-content\\\/uploads\\\/2024\\\/10\\\/Logo-initiales-transparent.png\",\"contentUrl\":\"https:\\\/\\\/brault-osteopathe.fr\\\/wp-content\\\/uploads\\\/2024\\\/10\\\/Logo-initiales-transparent.png\",\"width\":1001,\"height\":1000,\"caption\":\"Ost\u00e9opathe Viarmes\"},{\"@type\":\"BreadcrumbList\",\"@id\":\"https:\\\/\\\/brault-osteopathe.fr\\\/index.php\\\/osteopathe-val-doise\\\/quand-consulter\\\/#breadcrumb\",\"itemListElement\":[{\"@type\":\"ListItem\",\"position\":1,\"name\":\"Accueil\",\"item\":\"https:\\\/\\\/brault-osteopathe.fr\\\/\"},{\"@type\":\"ListItem\",\"position\":2,\"name\":\"Au cabinet\",\"item\":\"https:\\\/\\\/brault-osteopathe.fr\\\/index.php\\\/osteopathe-val-doise\\\/\"},{\"@type\":\"ListItem\",\"position\":3,\"name\":\"Quand consulter ?\"}]},{\"@type\":\"WebSite\",\"@id\":\"https:\\\/\\\/brault-osteopathe.fr\\\/#website\",\"url\":\"https:\\\/\\\/brault-osteopathe.fr\\\/\",\"name\":\"AB Ost\u00e9opathie\",\"description\":\"Votre ost\u00e9opathe \u00e0 Asni\u00e8res sur Oise\",\"potentialAction\":[{\"@type\":\"SearchAction\",\"target\":{\"@type\":\"EntryPoint\",\"urlTemplate\":\"https:\\\/\\\/brault-osteopathe.fr\\\/?s={search_term_string}\"},\"query-input\":{\"@type\":\"PropertyValueSpecification\",\"valueRequired\":true,\"valueName\":\"search_term_string\"}}],\"inLanguage\":\"fr-FR\"}]}<\/script>\n<!-- \/ Yoast SEO plugin. -->","yoast_head_json":{"title":"Ost\u00e9opathe Viarmes","description":"Trouvez toutes les informations concernant une s\u00e9ance d'ost\u00e9opathie chez votre ost\u00e9opathe \u00e0 Asni\u00e8res sur Oise proche Viarmes...","robots":{"index":"index","follow":"follow","max-snippet":"max-snippet:-1","max-image-preview":"max-image-preview:large","max-video-preview":"max-video-preview:-1"},"canonical":"https:\/\/brault-osteopathe.fr\/index.php\/osteopathe-val-doise\/quand-consulter\/","og_locale":"fr_FR","og_type":"article","og_title":"Ost\u00e9opathe Viarmes","og_description":"Trouvez toutes les informations concernant une s\u00e9ance d'ost\u00e9opathie chez votre ost\u00e9opathe \u00e0 Asni\u00e8res sur Oise proche Viarmes...","og_url":"https:\/\/brault-osteopathe.fr\/index.php\/osteopathe-val-doise\/quand-consulter\/","og_site_name":"AB Ost\u00e9opathie","article_modified_time":"2024-11-05T11:01:47+00:00","og_image":[{"width":1001,"height":1000,"url":"https:\/\/brault-osteopathe.fr\/wp-content\/uploads\/2024\/10\/Logo-initiales-transparent.png","type":"image\/png"}],"twitter_card":"summary_large_image","twitter_misc":{"Dur\u00e9e de lecture estim\u00e9e":"3 minutes"},"schema":{"@context":"https:\/\/schema.org","@graph":[{"@type":"WebPage","@id":"https:\/\/brault-osteopathe.fr\/index.php\/osteopathe-val-doise\/quand-consulter\/","url":"https:\/\/brault-osteopathe.fr\/index.php\/osteopathe-val-doise\/quand-consulter\/","name":"Ost\u00e9opathe Viarmes","isPartOf":{"@id":"https:\/\/brault-osteopathe.fr\/#website"},"primaryImageOfPage":{"@id":"https:\/\/brault-osteopathe.fr\/index.php\/osteopathe-val-doise\/quand-consulter\/#primaryimage"},"image":{"@id":"https:\/\/brault-osteopathe.fr\/index.php\/osteopathe-val-doise\/quand-consulter\/#primaryimage"},"thumbnailUrl":"https:\/\/brault-osteopathe.fr\/wp-content\/uploads\/2024\/10\/Logo-initiales-transparent.png","datePublished":"2023-09-03T15:49:09+00:00","dateModified":"2024-11-05T11:01:47+00:00","description":"Trouvez toutes les informations concernant une s\u00e9ance d'ost\u00e9opathie chez votre ost\u00e9opathe \u00e0 Asni\u00e8res sur Oise proche Viarmes...","breadcrumb":{"@id":"https:\/\/brault-osteopathe.fr\/index.php\/osteopathe-val-doise\/quand-consulter\/#breadcrumb"},"inLanguage":"fr-FR","potentialAction":[{"@type":"ReadAction","target":["https:\/\/brault-osteopathe.fr\/index.php\/osteopathe-val-doise\/quand-consulter\/"]}]},{"@type":"ImageObject","inLanguage":"fr-FR","@id":"https:\/\/brault-osteopathe.fr\/index.php\/osteopathe-val-doise\/quand-consulter\/#primaryimage","url":"https:\/\/brault-osteopathe.fr\/wp-content\/uploads\/2024\/10\/Logo-initiales-transparent.png","contentUrl":"https:\/\/brault-osteopathe.fr\/wp-content\/uploads\/2024\/10\/Logo-initiales-transparent.png","width":1001,"height":1000,"caption":"Ost\u00e9opathe Viarmes"},{"@type":"BreadcrumbList","@id":"https:\/\/brault-osteopathe.fr\/index.php\/osteopathe-val-doise\/quand-consulter\/#breadcrumb","itemListElement":[{"@type":"ListItem","position":1,"name":"Accueil","item":"https:\/\/brault-osteopathe.fr\/"},{"@type":"ListItem","position":2,"name":"Au cabinet","item":"https:\/\/brault-osteopathe.fr\/index.php\/osteopathe-val-doise\/"},{"@type":"ListItem","position":3,"name":"Quand consulter ?"}]},{"@type":"WebSite","@id":"https:\/\/brault-osteopathe.fr\/#website","url":"https:\/\/brault-osteopathe.fr\/","name":"AB Ost\u00e9opathie","description":"Votre ost\u00e9opathe \u00e0 Asni\u00e8res sur Oise","potentialAction":[{"@type":"SearchAction","target":{"@type":"EntryPoint","urlTemplate":"https:\/\/brault-osteopathe.fr\/?s={search_term_string}"},"query-input":{"@type":"PropertyValueSpecification","valueRequired":true,"valueName":"search_term_string"}}],"inLanguage":"fr-FR"}]}},"_links":{"self":[{"href":"https:\/\/brault-osteopathe.fr\/index.php\/wp-json\/wp\/v2\/pages\/8023","targetHints":{"allow":["GET"]}}],"collection":[{"href":"https:\/\/brault-osteopathe.fr\/index.php\/wp-json\/wp\/v2\/pages"}],"about":[{"href":"https:\/\/brault-osteopathe.fr\/index.php\/wp-json\/wp\/v2\/types\/page"}],"author":[{"embeddable":true,"href":"https:\/\/brault-osteopathe.fr\/index.php\/wp-json\/wp\/v2\/users\/5"}],"replies":[{"embeddable":true,"href":"https:\/\/brault-osteopathe.fr\/index.php\/wp-json\/wp\/v2\/comments?post=8023"}],"version-history":[{"count":23,"href":"https:\/\/brault-osteopathe.fr\/index.php\/wp-json\/wp\/v2\/pages\/8023\/revisions"}],"predecessor-version":[{"id":8706,"href":"https:\/\/brault-osteopathe.fr\/index.php\/wp-json\/wp\/v2\/pages\/8023\/revisions\/8706"}],"up":[{"embeddable":true,"href":"https:\/\/brault-osteopathe.fr\/index.php\/wp-json\/wp\/v2\/pages\/7926"}],"wp:attachment":[{"href":"https:\/\/brault-osteopathe.fr\/index.php\/wp-json\/wp\/v2\/media?parent=8023"}],"curies":[{"name":"wp","href":"https:\/\/api.w.org\/{rel}","templated":true}]}}